factors of h(u)?
2
Suppose -17 = -4*l + d, 2*l + 7*d - 3*d = 22. What are the prime factors of 4/(-14) - l/(-35)*394?
2, 7
Let a = 134 - 391. Let r = a - -427. What are the prime factors of r?
2, 5, 17
Let r(k) = -60*k + 94. What are the prime factors of r(-16)?
2, 17, 31
Let t(x) be the third derivative of x**5/60 + x**4/6 - 3*x**3 + 12*x**2. Let c be t(-10). Suppose -c = -6*g + 390. List the prime factors of g.
2, 3
Let d = 2078 - 1772. List the prime factors of d.
2, 3, 17
Suppose 0 = -u + 4*w + 755 + 816, 2*u + w = 3124. List the prime factors of u.
3, 521
Let u(g) = 2*g**2 + 6*g - 4. Let a(z) = -z**2 - 3*z + 2. Let y(f) = 5*a(f) + 3*u(f). Let r be y(1). Let w = 7 - r. What are the prime factors of w?
5
Let h(l) = -14*l - 92. Let v be (-145)/20 - (-1)/4. List the prime factors of h(v).
2, 3
Suppose -4*v + 481 = d, v = d - 283 - 208. What are the prime factors of d?
3, 163
Let t be ((-336)/72)/((-4)/(-6)). Let q(v) = -2*v - 10. List the prime factors of q(t).
2
Let a = -5525 + 8521. List the prime factors of a.
2, 7, 107
Let c be (3 + -1 - 2)/(-3). Suppose c = -0*j - 3*j + 183. Let y = 6 + j. List the prime factors of y.
67
Suppose 3*t + 3*d - 2070 = 0, -2*t + 20*d - 15*d = -1352. What are the prime factors of t?
2, 7
Let m = 27 + -34. What are the prime factors of (-1 + -30)*m/7?
31
Let d be (-46)/(-10) + (-4 - (-44)/10). List the prime factors of (-4)/6*d/2*-27.
3, 5
Suppose -7*w = -4*w - 441. Suppose -b + w = j - 0*b, -2*j - 4*b = -292. What are the prime factors of j?
2, 37
Let x(p) be the second derivative of p**4/12 + 2*p**3/3 - 10*p**2 - 8*p. Let a be x(-9). Suppose 0 = h - a - 13. List the prime factors of h.
2, 19
Let b = -8 + 13. Suppose a - j = 82, b*a + j = -j + 389. What are the prime factors of a?
79
Let n = -10 - -8. List the prime factors of (-1)/((-3)/(-108)*n).
2, 3
Let o = 5 - 0. Suppose 0 = 2*t - 0 - 2, 4*g = 5*t - o. Suppose 24 = 4*x - r - 193, g = 4*r + 4. What are the prime factors of x?
2, 3
Suppose -7*d + 2718 = -d. What are the prime factors of d?
3, 151
Let n be ((-4)/(-2))/((-2)/(-1)). Let u be 0 + (700/(-2) - 2). List the prime factors of n/(-4*4/u).
2, 11
Let b = 2 - -2. Suppose -42 = -5*o + 4*u, 5*o + 2*u - 28 + b = 0. What are the prime factors of o?
2, 3
Let y be -500*((-33)/(-15) + -3). Suppose 2*w + w + 3*h - 612 = 0, -2*w = -2*h - y. What are the prime factors of w?
2, 101
Suppose 9 = 5*p - 31. Suppose p = v + 21. List the prime factors of (-3)/(-12)*v*-8.
2, 13
Suppose -h = -130 - 46. What are the prime factors of h?
2, 11
Suppose 4*g = -2*g + 2562. List the prime factors of g.
7, 61
Suppose 0 = -12*a + 15*a + 1635. Let j = -314 - a. List the prime factors of j.
3, 7, 11
Let b = -438 + 936. What are the prime factors of b?
2, 3, 83
Suppose -4*f = -2*f. Let o(k) = f*k**2 + k**2 + 2*k - 4 - 6*k. What are the prime factors of o(7)?
17
Suppose 33*f - 12544 = 29*f. List the prime factors of f.
2, 7
Suppose -5*q + x = -x - 259, -3*x + 274 = 5*q. Let i = -36 - q. Let h = -48 - i. List the prime factors of h.
41
Let w be (1/(-1))/(1 - 0). Let r be ((-1)/w)/((-2)/(-6)). Suppose -r*y + 3*v - 3 = -63, 0 = 4*v. What are the prime factors of y?
2, 5
Suppose -13 - 5 = -6*b. What are the prime factors of ((-16)/(-10))/(5/(22 + b))?
2
Let l = 2652 + -1063. What are the prime factors of l?
7, 227
Let z(d) = -d - 4. Let s be z(-4). Suppose -3*n + 2*m + m + 75 = s, 0 = 2*m + 10. Suppose -n = -2*j + j. What are the prime factors of j?
2, 5
Let f be 2 - (-1 + 559)*1/2. Let o = -125 - f. What are the prime factors of o?
2, 19
Let z be 2 + (-2)/1 + 325. Suppose -2*s + z = -103. List the prime factors of 10/(-35) - s/(-14).
3, 5
Let i(p) = -p**2 - 4*p + 2. Let n be i(-4). Suppose -n*m = 2*m - 12. Suppose 4*h = 113 + m. List the prime factors of h.
29
Let g(h) = h**3 - 5*h**2 - 9*h + 6. Let a be g(7). Let c be (a/(-2))/(2/(-4)). Let z = -11 + c. List the prime factors of z.
2, 3, 5
Let a(g) = -14*g - 2. Let u be a(3). Let c = 73 + u. Suppose f + 4*h - c = 0, -3*h - h = -5*f + 97. What are the prime factors of f?
3, 7
Let p = -17 + 19. Suppose 13 = p*u + 2*h - 21, u = -5*h + 37. What are the prime factors of ((-8)/u)/((-4)/198)?
3, 11
Let j(q) be the third derivative of -q**5/12 + q**4/8 + 11*q**3/6 + 5*q**2. Let c(d) be the first derivative of j(d). What are the prime factors of c(-4)?
43
Let g = 34 + -10. Let x = g + -19. Suppose 52 = 2*v - 2*z, 3*z + 0*z = x*v - 126. List the prime factors of v.
2, 3
Let b = -2 + 14. Suppose -2*u - b = -4*u. Suppose u*x - 8*x = -24. What are the prime factors of x?
2, 3
Let w(x) = -44*x - 12. Let t be -3 - 2/5*5. What are the prime factors of w(t)?
2, 13
Suppose 3*j - 5*m = -0*j + 944, 0 = -2*j - 2*m + 624. List the prime factors of j.
313
Suppose 0 = -5*u + v + 5, 2*u = 5*v - v - 16. Let q(l) = 26*l - 3. What are the prime factors of q(u)?
7
Let x be 2/5 + 28526/85. Suppose -m + 5*m = x. Suppose 4*d - z - 270 = -m, 5*d + 2*z - 239 = 0. What are the prime factors of d?
47
Let u(b) = -3*b**2 + 13*b - 13. Let x(k) = 2*k**2 - 6*k + 7. Let p(a) = -3*u(a) - 5*x(a). List the prime factors of p(-6).
2, 11
Suppose 0 = -7*l - 228 + 1803. What are the prime factors of l?
3, 5
Suppose 6*z - 16428 = 2868. List the prime factors of z/52 + 4/26.
2, 31
Let r = 18 - 18. Suppose 5*h - 150 - 215 = r. Let f = h + -38. What are the prime factors of f?
5, 7
Suppose 1 = m + 4, 134 = -4*p + 2*m. Let y = p - -48. What are the prime factors of y?
13
Suppose -5*d - 3059 = -4*x + 1159, 0 = 4*x + 4*d - 4236. What are the prime factors of x?
7, 151
Let s = -24 - -23. List the prime factors of (s - 0)/(8/(-184)).
23
Let t = 4 + 31. Let v = -2 + t. Suppose 2*g - 34 = -r, 3*g + v = 4*r - 70. What are the prime factors of r?
2, 7
What are the prime factors of (11 - 6)*56/(-60)*-9?
2, 3, 7
Let p be 1710/(-75)*(-14 + -1). Let o = p - 94. Suppose -o = -b - 4*b + 4*y, 0 = 3*b + 5*y - 171. List the prime factors of b.
2, 13
What are the prime factors of ((-36518)/(-190) - 1/5) + -2?
2, 5, 19
List the prime factors of (-174850)/(-78) - 2/(-6).
2, 19, 59
Suppose 14 = k + 5. Let m be (-13)/(-3)*k*-1. What are the prime factors of (1 - m)*12/30?
2
Let q(y) = 4*y**3 - 2*y**2 - 5*y + 7. Let a be q(3). Let n = -23 + a. Suppose -10 = 7*j - n. What are the prime factors of j?
7
Let y = 5 - 5. Suppose -7*m + 3*b + 181 = -3*m, -5*m + 5*b + 220 = y. Suppose 4*i = 7*r - 2*r - m, 3*i = r - 1. List the prime factors of r.
13
Let n(g) = 40*g - 52. List the prime factors of n(11).
2, 97
Let v = 50 + -134. Let q be ((-1332)/(-14))/((-18)/v). What are the prime factors of ((-3)/(-6))/(6/q)?
37
Suppose 87*j - 2026 = 85*j. What are the prime factors of j?
1013
Let z = 611 + -115. Suppose 111*t - 109*t - z = 0. What are the prime factors of t?
2, 31
Let i(y) = -y**3 + 4*y**2 + 24*y. What are the prime factors of i(-6)?
2, 3
Suppose 6*x + 325 + 833 = 0. List the prime factors of -3 - (6/(-45) - x/(-15)).
2, 5
Let p(v) = 285*v**3 + 2*v**2 - 2*v - 1. What are the prime factors of p(1)?
2, 71
Suppose 3*n = 5*n - 14. List the prime factors of ((-2)/(-4))/(n/2254).
7, 23
Let h = 3 - -1. Suppose -h*z = -4*i - 292, -2*z + 250 = 3*i + 89. What are the prime factors of z?
2, 19
Suppose 4*w - 216 = 2*q, 6*w - 2*w - 5*q - 228 = 0. What are the prime factors of w?
2, 13
Let z(h) be the first derivative of -1 - h**2 - 4 + 3*h - 1 - 11*h. What are the prime factors of z(-7)?
2, 3
Let m(s) = s**3 - 27*s**2 - 19*s + 1. List the prime factors of m(31).
2, 11, 37
Let x(b) = b**2 - 28*b + 189. What are the prime factors of x(-50)?
3, 29, 47
Suppose -39*t = -40*t - 3, 6740 = 4*p + 4*t. What are the prime factors of p?
2, 211
List the prime factors of (100176/(-6))/(-8) - (-1 + 7).
2081
Suppose 4*h + 49 = -3*c - h, -3*c - 3*h - 39 = 0. Let t = 25 - c. Let j = 54 - t. List the prime factors of j.
3, 7
Suppose 0 = 5*i - 4*d - 1243, -3*i + 251 = -2*i - 2*d. Suppose -i - 213 = -2*c. What are the prime factors of c?
2, 5, 23
Suppose -1 = s - 6. Suppose 6 = u - 2*z - 8, -15 = -s*z. Let t = u - -1. List the prime factors of t.
3, 7
Suppose y - 25*y + 15576 = 0. List the prime factors of y.
11, 59
Suppose 0 = -2*b + 4*r + 88, -4*b = -b + r - 104. Let w = 196 + b. List the prime factors of w.
2, 29
Suppose 0 = 2*n + 3*y - 947, 2*n + 6*y = 3*n - 496. List the prime factors of n.